 299/w. What is the highest common divisor of g and 4?
4
Suppose -y + 12 = 2. Let o = 11 + y. Calculate the highest common divisor of 14 and o.
7
Let g = 12 + -10. Suppose 4*y + 0*n - 3*n = 17, -4*y + 5*n + 23 = 0. Let q = y + g. Calculate the highest common divisor of q and 32.
4
Suppose -30*i + 35*i - 525 = 0. Calculate the greatest common factor of 42 and i.
21
Let t(v) = v**2 + 11*v + 1. Let a be t(-12). What is the highest common factor of 52 and a?
13
Let p be 4/((-4)/(-3)) + 0. Suppose 0 = p*v + 3*t + 12 - 180, 0 = 5*v - t - 304. Let m be 16/(-3)*(-27)/6. Calculate the highest common factor of m and v.
12
Let h = 2 - -2. Let q = 6 - -14. What is the highest common factor of h and q?
4
Let i be ((-30)/9)/(2/(-27)). Let o = 9 - 4. Suppose -3*l + 31 = 4*z, -o*l - 3*z = -0*z - 48. What is the greatest common factor of l and i?
9
Let d be (304/(-6))/8*-33. What is the highest common divisor of 11 and d?
11
Suppose -70 = 2*m - 7*m. Calculate the highest common divisor of 42 and m.
14
Suppose -1 = 3*n - 2*h - 4, 5*h = 0. Let v be n/4 + (-201)/(-12). What is the highest common divisor of 119 and v?
17
Let x = -8 - -18. Suppose -2 - 13 = -3*q. Let c be 10/(q/2 + -2). What is the greatest common factor of c and x?
10
Suppose 3*y + 4*g = 160, 2*y + g - 148 = -y. Suppose 0 = t - u - 12, -t - 4*u + 5 + 7 = 0. What is the greatest common divisor of y and t?
12
Suppose -3*q - 3*r + 14 = -7*r, -5*r - 2 = 4*q. Suppose 83 + 27 = q*w. Let h(f) = f**2 - 3*f - 7. Let a be h(6). What is the highest common divisor of a and w?
11
Suppose -3*w + 6*w + 3*o = 39, 2*o - 12 = -w. What is the highest common divisor of w and 56?
14
Let t be (-3 + 0)*(-160)/(-24)*-2. Calculate the highest common divisor of t and 60.
20
Suppose -3*v + 6 = -3*c - 0*c, -2*c - 13 = -5*v. Let r be (2 - 1)*(-2 - 1). Let g = r + 5. Calculate the greatest common divisor of g and c.
1
Suppose -3*m - 2*m + 60 = 0. What is the greatest common factor of m and 4?
4
Suppose 0 = 4*a + 23 + 21. Let j be (1 - 17)*a/2. What is the greatest common divisor of 8 and j?
8
Suppose -v + 17 = -2*m - m, 3*v - 26 = 4*m. Let q be (17 + 0)/(3 - v). What is the highest common divisor of 153 and q?
17
Let g(o) = 30*o + 20. Let f(p) = 20*p + 13. Let q(a) = 8*f(a) - 5*g(a). Let w be q(3). Calculate the highest common factor of 85 and w.
17
Let w be 33/3 - (2 - 2). Suppose -5*s - 1 = -w. Let q be (-4)/(-18) + 88/9. What is the highest common factor of s and q?
2
Let v(k) = k**3 + 2*k**2 - 2*k. Let o be v(2). Suppose o + 8 = -5*g. Let m be (-2)/g*(-1 - -23). Calculate the highest common divisor of m and 33.
11
Let w(p) = -p + 30. Let o be w(6). Calculate the greatest common divisor of 288 and o.
24
Suppose -6*d + 48 = -5*d. Let i(l) = 25*l - 1. Let o be i(1). What is the highest common factor of o and d?
24
Let c = 25 - 24. What is the greatest common divisor of 11 and c?
1
Let k be -1*4/(-6)*-33. Let a = k + 50. Suppose -n = -2*n + a. What is the greatest common divisor of 14 and n?
14
Let m be ((-2)/3)/(4/(-588)). Let h(n) = -n**3 + 6*n**2 - 2*n - 1. Let t be h(5). What is the greatest common divisor of t and m?
14
Let v be 16/(-64) + (-449)/(-4). What is the greatest common factor of 28 and v?
28
Suppose -4*o = 3*q - 49 + 1, 4*o = 2*q - 52. Suppose 0 = -p + q + 28. What is the greatest common divisor of 6 and p?
6
Let g(s) = -s**2 + 11*s + 10. Let z be g(10). What is the greatest common divisor of z and 80?
20
Let u = 5 - 7. Let t be (-28)/(-8)*u/(-1). Calculate the greatest common factor of t and 49.
7
Suppose 4*p + 5*z - 27 = 6, 3*z + 9 = 0. Suppose -2*l = -l - p. Calculate the highest common factor of 30 and l.
6
Let z(v) = 9*v + 2. Let m be z(2). Let i be (-16)/(-3) - 5/15. Suppose -i + 13 = 2*q. What is the highest common factor of q and m?
4
Let j(q) = -20*q. Let r be j(-8). Suppose r = 3*m + 5*b, m + 4*b - 22 = 22. Calculate the greatest common factor of m and 10.
10
Suppose -5*d = -10 - 0. Let k = 427 + -97. Suppose d*y + y = k. Calculate the greatest common divisor of 10 and y.
10
Let a(k) = 4*k**2 + 4*k + 8. Let s = -15 + 32. Let p = 10 - s. Let u be a(p). What is the greatest common factor of u and 16?
16
Suppose 6 = x + 3*v, 2*v + 7 = x + 1. Suppose -2 = -s, -d = -x*d - 3*s + 96. Calculate the highest common divisor of d and 36.
18
Let r = -3 + 3. Suppose r*d + 5*d - 20 = 0. Let x(l) = l**3 + 6*l**2 - 3*l + 2. Let o be x(-6). Calculate the greatest common factor of d and o.
4
Let v(m) be the third derivative of m**5/60 - m**3/2 - 2*m**2. Let h be v(3). What is the greatest common factor of h and 6?
6
Let j(d) = -7*d + 7. Let u be j(-6). Let b(k) = -2*k**3 - 3*k**2 - k - 2. Let o be b(-2). Suppose -143 = -o*x + u. What is the highest common factor of x and 6?
6
Let n(z) = -z**2 - 6*z + 7. Let w be n(-7). Let y be 10*((-11)/2 - w). Let i = 0 - y. Calculate the highest common divisor of i and 11.
11
Suppose -4*k - k = -10. Let v(o) = 3*o**3 + 3*o**2 - 3*o. Let l be v(k). Let g be ((-12)/(-14))/(2/14). What is the highest common divisor of l and g?
6
Let h be 1*(0 - -3) + 63. Let d be 86/(-11) + (-12)/h. Let x be (d/(-6))/(2/12). What is the highest common factor of 4 and x?
4
Suppose k - 129 - 131 = 0. Let s = -117 + k. What is the highest common divisor of s and 13?
13
Suppose 0 = -4*c - 3 + 23. Suppose -c = 5*n - 135. Calculate the greatest common factor of n and 39.
13
Let v(a) = 10*a. Let m be v(-1). Suppose 2 - 7 = -p. Let l be (56/p)/((-2)/m). What is the greatest common factor of 7 and l?
7
Suppose -1399 = -5*g - 184. Calculate the greatest common divisor of 27 and g.
27
Let f = 39 - 34. Calculate the highest common divisor of f and 10.
5
Let b be 4/1*2/4. Let i(m) = 13*m + 2. Let c be i(b). Let f = c - 14. Calculate the highest common divisor of f and 126.
14
Suppose -2*g + 5 = -g. Suppose -g*j + 100 = 4*y, -5*j + 93 = -3*y - 7. Calculate the greatest common factor of j and 4.
4
Suppose -5*l - 5*b + 45 = 0, 3*l = 8*l + 2*b - 54. Calculate the highest common divisor of 6 and l.
6
Let i = -102 - -256. Calculate the highest common factor of i and 14.
14
Let p = -23 - 2. Let d = 11 - p. Calculate the greatest common factor of d and 9.
9
Suppose 2*l = 238 - 56. Calculate the greatest common factor of 13 and l.
13
Let b = 5 - 3. Suppose -2*s + b = -4*l, -3*s - 5*l + 35 = -1. Let m = 2 + -1. What is the greatest common factor of m and s?
1
Let a(u) = u**2 - u + 84. Let g be a(0). Suppose -2*y = y - g. Let t(w) = w**3 - 5*w**2 + 4. Let k be t(5). Calculate the greatest common factor of k and y.
4
Let l(g) = -g**2 + 6. Let b be l(0). Let j(k) = 2*k**2 - 6*k + 9. Let u be j(b). Let p be (2 + 1)/(2/12). Calculate the highest common divisor of u and p.
9
Suppose 4*a = -0*a + 20. Suppose -m = -g + 16, 4*g + a*m = -g + 50. Suppose 2*w + 4 = 0, -w - 1 - g = -4*q. What is the greatest common factor of 18 and q?
3
Let h = -7 - -11. Let r = 11 - h. Let l be 47 - (2 - (2 - -2)). What is the highest common divisor of r and l?
7
Suppose -2*t - 8 = -6*t. Suppose -t*f + 20 + 45 = -3*l, 50 = f + 2*l. Let u = 68 - 52. Calculate the greatest common divisor of u and f.
8
Let q = -51 - -55. Calculate the highest common factor of q and 16.
4
Suppose 2*z = 4*z - 60. Suppose -5*m - 4*x + 57 = 0, 0*m - 2*m + z = 4*x. What is the highest common divisor of 27 and m?
9
Let i = -1266 - -751. Let b be 2/(-4)*(i - 1). Let t = -183 + b. What is the greatest common factor of 30 and t?
15
Let z be 2/2 - 88/(-2). Suppose 0 = 8*n - n - 105. Calculate the greatest common divisor of z and n.
15
Suppose -16 - 4 = o + 5*i, -5*o = 4*i + 16. Suppose 0 = -3*p + 2*j + 199, o*p = -2*p + j + 131. What is the greatest common factor of 7 and p?
7
Let w be 25 - (12*-1)/(-3). What is the highest common factor of w and 63?
21
Let h be (-2)/7 - 88/(-14). Let b = -4 + h. Suppose -k = b*k - 21. What is the highest common factor of k and 7?
7
Suppose 0 = -16*v + 5*v + 1716. What is the highest common factor of v and 12?
12
Let f = 21 + -7. Calculate the highest common factor of f and 49.
7
Let r be (-2)/4 + 18/4. Suppose -5*l + 18 = -3*l. Suppose l*y = r*y + 75. What is the greatest common factor of y and 10?
5
Suppose -5*x + 88 - 23 = 0. Suppose -4*p + 3*n + 156 = -p, 3*p - 2*n = 156. What is the highest common factor of p and x?
13
Suppose 0*u + 2*u = 0